s digit of 853467038?
4
What is the hundreds digit of 616494165?
1
What is the hundreds digit of 1526157599?
5
What is the hundred thousands digit of 216905237?
9
What is the tens digit of 219354285?
8
What is the units digit of 5737816?
6
What is the hundreds digit of 2511682260?
2
What is the hundreds digit of 490659058?
0
What is the hundred thousands digit of 38367834?
3
What is the units digit of 375586885?
5
What is the ten millions digit of 166388327?
6
What is the ten millions digit of 307160807?
0
What is the millions digit of 28097916?
8
What is the hundred thousands digit of 261780128?
7
What is the hundred millions digit of 6911407712?
9
What is the millions digit of 86148023?
6
What is the thousands digit of 263344?
3
What is the hundreds digit of 569258002?
0
What is the hundreds digit of 5506511498?
4
What is the hundreds digit of 73368853?
8
What is the thousands digit of 479197585?
7
What is the ten thousands digit of 2373587573?
8
What is the units digit of 37967632?
2
What is the units digit of 223435147?
7
What is the ten millions digit of 1298408763?
9
What is the units digit of 13162175?
5
What is the ten millions digit of 96026652?
9
What is the units digit of 1823485402?
2
What is the hundreds digit of 541194902?
9
What is the hundred millions digit of 1312073960?
3
What is the hundred thousands digit of 291036758?
0
What is the thousands digit of 284352542?
2
What is the ten thousands digit of 111664952?
6
What is the thousands digit of 522986919?
6
What is the thousands digit of 65555769?
5
What is the hundreds digit of 11624837?
8
What is the tens digit of 917207750?
5
What is the units digit of 79834679?
9
What is the units digit of 988895002?
2
What is the hundred millions digit of 3882527466?
8
What is the tens digit of 176286789?
8
What is the millions digit of 236770206?
6
What is the hundred millions digit of 1010642432?
0
What is the hundred thousands digit of 109014969?
0
What is the tens digit of 924794722?
2
What is the hundreds digit of 206477052?
0
What is the tens digit of 42350159?
5
What is the ten thousands digit of 856683355?
8
What is the thousands digit of 520620861?
0
What is the ten millions digit of 4940308462?
4
What is the ten thousands digit of 48626689?
2
What is the ten millions digit of 126790155?
2
What is the tens digit of 591456439?
3
What is the tens digit of 87561893?
9
What is the ten millions digit of 826007989?
2
What is the hundred millions digit of 3289695253?
2
What is the millions digit of 92418226?
2
What is the ten thousands digit of 43974108?
7
What is the hundred thousands digit of 3974243618?
2
What is the millions digit of 1008652558?
8
What is the thousands digit of 122853630?
3
What is the hundreds digit of 560820067?
0
What is the ten thousands digit of 1254013023?
1
What is the billions digit of 4083176590?
4
What is the units digit of 13143259?
9
What is the hundred millions digit of 495783745?
4
What is the hundred thousands digit of 33874756?
8
What is the units digit of 135734371?
1
What is the millions digit of 5528170?
5
What is the millions digit of 10256294?
0
What is the tens digit of 16380505?
0
What is the hundred millions digit of 220469785?
2
What is the thousands digit of 29793124?
3
What is the tens digit of 642399?
9
What is the hundred millions digit of 950092303?
9
What is the hundred thousands digit of 161895189?
8
What is the hundred thousands digit of 24070003?
0
What is the hundreds digit of 33038556?
5
What is the millions digit of 350301872?
0
What is the hundred thousands digit of 405910820?
9
What is the units digit of 1170806582?
2
What is the hundreds digit of 33966637?
6
What is the hundreds digit of 2027423?
4
What is the ten thousands digit of 44389612?
8
What is the hundreds digit of 75659545?
5
What is the hundred millions digit of 1090001058?
0
What is the tens digit of 81389730?
3
What is the billions digit of 2191824592?
2
What is the units digit of 165058907?
7
What is the millions digit of 266783712?
6
What is the ten thousands digit of 3300432998?
3
What is the billions digit of 3302527195?
3
What is the hundreds digit of 1694295558?
5
What is the millions digit of 2993349679?
3
What is the hundreds digit of 29652273?
2
What is the hundreds digit of 442889118?
1
What is the hundreds digit of 63367709?
7
What is the tens digit of 458259039?
3
What is the thousands digit of 102170133?
0
What is the tens digit of 877375160?
6
What is the thousands digit of 2952040539?
0
What is the hundred millions digit of 239768524?
2
What is the tens digit of 149266833?
3
What is the thousands digit of 107945804?
5
What is the thousands digit of 86294188?
4
What is the hundreds digit of 852616710?
7
What is the hundreds digit of 86444283?
2
What is the hundred millions digit of 3976071864?
9
What is the tens digit of 101205779?
7
What is the millions digit of 2922881949?
2
What is the hundred thousands digit of 1615166554?
1
What is the units digit of 808486294?
4
What is the billions digit of 7620174354?
7
What is the hundred millions digit of 1881320861?
8
What is the hundred thousands digit of 61021456?
0
What is the hundreds digit of 19858751?
7
What is the hundred millions digit of 148862871?
1
What is the ten thousands digit of 505931072?
3
What is the hundred thousands digit of 665095141?
0
What is the hundred thousands digit of 1108567321?
5
What is the hundreds digit of 942841883?
8
What is the tens digit of 147092098?
9
What is the ten millions digit of 213787654?
1
What is the units digit of 178406460?
0
What is the ten millions digit of 50592919?
5
What is the millions digit of 1174643?
1
What is the ten millions digit of 478599964?
7
What is the tens digit of 62510617?
1
What is the thousands digit of 144508396?
8
What is the units digit of 3772267?
7
What is the ten thousands digit of 3112060731?
6
What is the millions digit of 35808452?
5
What is the hundreds digit of 13546568?
5
What is the hundred thousands digit of 13350005?
3
What is the millions digit of 22599027?
2
What is the hundred thousands digit of 522796999?
7
What is the ten thousands digit of 2060930?
6
What is the units digit of 449612752?
2
What is the units digit of 208047147?
7
What is the ten millions digit of 22552561?
2
What is the billions digit of 2034124722?
2
What is the millions digit of 1186159710?
6
What is the hundred millions digit of 136872217?
1
What is the hundred millions digit of 506186160?
5
What is the hundred thousands digit of 13027279?
0
What is the hundred millions digit of 1441090817?
4
What is the ten millions digit of 47998629?
4
What is the units digit of 139736268?
8
What is the units digit of 2086223230?
0
What is the hundred thousands digit of 1526471319?
4
What is the thousands digit of 162625412?
5
What is the thousands digit of 56357397?
7
What is the thousands digit of 21028386?
8
What is the millions digit of 1774727468?
4
What is the hundreds digit of 45441466?
4
What is the tens digit of 128947627?
2
What is the millions digit of 932223659?
2
What is the units digit of 68263661?
1
What is the tens digit of 399935594?
9
What is the tens digit of 531200474?
7
What is the units digit of 76366923?
3
What is the hundred thousands digit of 3162854131?
8
What is the hundreds digit of 1748258456?
4
What is the ten millions digit of 41468409?
4
What is the millions digit of 77273425?
7
What is the hundreds digit of 3268798514?
5
What is the thousands digit of 183579724?
9
What is the tens digit of 3050492819?
1
What is the millions digit of 174219823?
4
What is the ten millions digit of 23130819?
2
What is the hundreds digit of 74510493?
4
What is the tens digit of 157007468?
6
What is the hundred millions digit of 153736379?
1
What is the millions digit of 1261590843?
1
What is the units digit of 1655235069?
9
What is the millions digit of 5587529469?
7
What is the hundreds digit of 35066381?
3
What is the hundred thousands digit of 4430511228?
5
What is the ten thousands digit of 59565475?
6
What is the tens digit of 6190432310?
1
What is the thousands digit of 76044118?
4
What is the hundreds digit of 1992545334?
3
What is the ten millions digit of 1739320387?
3
What is the ten thousands digit of 3685344710?
4
What is the ten mi